- 4*l + r - 35 = 0, -5*f = -3*l + 130. Let d = f - -42. What is the tens digit of d?
1
Let t be 2*(5 + (-1 - 2)). What is the tens digit of (-1)/(-2) + 70/t?
1
Let k be (-45)/(-18)*104/5. Suppose h - 5*h + k = 0. What is the tens digit of h?
1
Let t(f) = 2*f + 3. Let d be t(3). Let l be -1*d/(-6)*2. Suppose p + 5*q + 3 = -0*q, -l*q = 2*p - 8. What is the units digit of p?
7
Let g be 2/8*-2*-10. Suppose -g*c + 4*k + 67 = -0*c, 0 = -c - 3*k + 2. What is the tens digit of c?
1
Suppose 4 = 3*x - 11. Suppose -4*l = 2*j - 7 - x, 1 = l + j. What is the units digit of l?
5
Let z = 317 - 74. What is the units digit of z?
3
Suppose -i + 25 + 12 = 5*k, 0 = 5*i - k - 237. What is the tens digit of i?
4
Let f = -312 - -551. What is the units digit of f?
9
Let q be (-10)/35 + 93/7. Let z = q - 10. Let j = 10 - z. What is the units digit of j?
7
What is the tens digit of 515/25 - 4/(-10)?
2
Let d(w) = 3*w**3 - 4*w**2 - 9*w + 14. What is the tens digit of d(4)?
0
Suppose 0 = -3*l + 1 - 4. Let p(d) = -2*d. Let w be p(-3). What is the units digit of w/(-3) - (-3 + l)?
2
Let n = 3 - 7. Let i = 19 - 11. Let x = i + n. What is the units digit of x?
4
Let l(q) = -q**3 + 5*q**2 - 4*q + 3. Let i be 34/8 - (-2)/(-8). Let o be l(i). Let y = 6 - o. What is the units digit of y?
3
Suppose r - 57 = 168. What is the units digit of r?
5
Suppose 2*q = 132 - 30. What is the tens digit of q?
5
What is the tens digit of 8931/169 + 4/26?
5
Let v be 16/(-56) - (-32)/14. Suppose -47 + v = -3*m. What is the units digit of m?
5
Let w(d) = d. Let g be w(-4). Let h(q) = -3*q**3 - 9*q**2 - 5*q - 3. Let u(s) = s**3 + s**2 + s. Let v(n) = g*u(n) - h(n). What is the units digit of v(5)?
8
Suppose 4*j = -0*j + 20. Let q(y) = -y + 8. What is the units digit of q(j)?
3
Let a be (-6)/2*15/(-3). Let o be 15*(a/(-9))/(-5). Suppose 113 = o*m + 13. What is the tens digit of m?
2
Suppose 1 = 6*h - 17. Suppose 53 + 1 = h*s. What is the tens digit of s?
1
Let t(u) = 16*u - 37. What is the hundreds digit of t(12)?
1
Let i = -30 - -54. What is the units digit of i?
4
Let t(g) = 2*g + 1. Let i be t(1). Suppose -2*h = -28 + 4. Suppose i*v + 0 = h. What is the units digit of v?
4
Let z(a) = a**3 - 4*a**2 - 3. Let i(m) = 4*m**2. Let c be i(1). Let y be z(c). Let s = 10 + y. What is the units digit of s?
7
Let n = 14 + 6. Suppose 5*y - n = 25. What is the units digit of y?
9
Let f(p) = -9*p**2 + p + 1. Let i be f(-1). Let l(r) = -r**2 - 12*r + 7. What is the units digit of l(i)?
4
Suppose -2*w + 4 = -0*w. Suppose -1 - w = -n. Suppose y + 3*p = 23, 4*y = -p + 40 - n. What is the units digit of y?
8
Suppose 4*y = 4*n + 28, y = -0*y - 5*n + 19. What is the units digit of y?
9
Suppose -2 = 5*u + j, -3*j = -0*u - 2*u + 6. Suppose -o + u*o = 3*z - 30, 0 = 2*z. What is the units digit of o?
0
Let a(u) be the second derivative of -u**4/12 + u**3 + 9*u**2/2 - u. Let i be a(7). What is the tens digit of 12*2/i - -2?
1
Suppose 20 = -5*o + 5*k, 2*o = -k - 4*k + 20. Suppose o = -3*a + 7*a - 28. Let p = 15 - a. What is the units digit of p?
8
What is the tens digit of -1 - -40 - (4 - 2)?
3
Suppose 5*n + 2*d - 160 = 7*d, 0 = -3*d + 9. Let j = n - 9. What is the tens digit of j?
2
Suppose -3*f = -2*d + 89, 3*d - f - 181 = -6*f. What is the tens digit of d?
5
Suppose -15*v + 18*v = 348. What is the tens digit of v?
1
Suppose 5*k - 3*o - 261 = 0, -5*k = 3*o + 2*o - 285. What is the units digit of k?
4
Suppose 0 = 2*r + 2*g - 4 - 82, r + 5*g = 55. Let t = -13 + r. What is the tens digit of t?
2
Let j be 1*(1 - (-1 + 2)). What is the tens digit of j + (-1 - (-15 - 2))?
1
Let s(q) = -6*q - 2. Let u be s(-2). Suppose -m = -2*p + 3*p + 6, 0 = m + 2*p + u. What is the units digit of m - (3/(-3) - 10)?
9
Suppose k - 3*i = 5*k - 28, -16 = -4*i. Suppose l + 5 = 2*b, k*l + 3*b = 2*b + 25. What is the tens digit of (-5)/(-1)*(l + -3)?
1
Suppose 146 = 4*n + 50. What is the tens digit of n?
2
Let g(q) = 2*q - 12. Let t be (-2)/10 + 123/15. Let x be g(t). Suppose -x*r + 6*r - 14 = 0. What is the units digit of r?
7
Suppose 5*w = 2*h - 44, 5*w - w + 22 = h. What is the units digit of h?
2
Let b(n) = 88*n - 1. Let a be b(1). Suppose 3*p + a = 3*x, -4*x - 2*p = -p - 131. What is the units digit of x?
2
Suppose -5*t - 9 = -2*t, 3*z = -4*t + 33. What is the units digit of z/2 + (-3)/6?
7
Let n(s) = -21*s + 3. What is the units digit of n(-2)?
5
Let s(t) be the first derivative of -7*t - 1/3*t**3 + 9/2*t**2 - 1. What is the units digit of s(7)?
7
Let i(j) = -2*j + 16. Let x be i(11). Let u = x + 8. Suppose -u*z + 5 = 3*z. What is the units digit of z?
1
Let t be (-105)/(-28) - (-2)/8. Suppose 2 = 3*z - t. What is the units digit of z?
2
What is the hundreds digit of 2/12 + 3327/36*2?
1
Let o be (40 - 2)/((-4)/(-8)). Suppose w - o = -3*w. What is the tens digit of w?
1
Suppose -2 = -3*f + 4*b + 4, -2*f + 3*b = -4. Let z be ((-126)/49)/(f/(-14)). Suppose 0 = 4*i - i - z. What is the units digit of i?
6
Suppose 4*t + 12 = -4*o, 5*o - 12 - 3 = 0. Let x = -3 - t. Suppose z - 2*g + 4 = 2*g, -z - x*g + 24 = 0. What is the units digit of z?
2
Suppose -q = -5*j - 3, -j - 9 = -2*j + 5*q. Let l be (j + 0)/((-1)/2). What is the units digit of 2/6 - l/(-3)?
1
Let j(g) be the second derivative of 7*g**3/6 - g**2/2 - 2*g. What is the units digit of j(3)?
0
Suppose -19 = -g + 3*u - 2*u, 48 = 4*g + 3*u. What is the units digit of 47/3 - 10/g?
5
What is the units digit of 1*3/12 + (-3661)/(-28)?
1
Let y(z) = z**2 + 5*z + 5. Suppose 2*p + 5 = -4*b + 31, 2*p = -5*b + 28. Let d = 3 - p. What is the tens digit of y(d)?
1
Let w be (-86)/(-3) + (-2)/3. Let k = 14 - w. Let s = k + 24. What is the tens digit of s?
1
Suppose 4*q - 4*a - 132 = 0, -q + 11 = a - 18. Let c = q - 14. What is the units digit of c?
7
Let r(i) = i - 4. Let c be r(6). Let d(u) = -7*u**2 + 4*u**2 + 14*u**c. What is the units digit of d(1)?
1
What is the tens digit of 61 + 1/2*6?
6
Suppose -2*d - 6 = 2*g, g + d - 3 = 2*d. Suppose 2*o = -g*o + 14. Suppose 5*n + o = -u, 2*u = n - 5 + 24. What is the units digit of u?
8
Let m(i) = -3*i - 7 - 1 + 2*i. Let l be m(-7). What is the units digit of 3/(l/1) + 10?
7
Let c be (-69)/(-15) + (-6)/(-15). Suppose 0*v + 40 = c*v. What is the units digit of v?
8
Let o(y) = -y**2 + 8*y - 9. Let z be o(6). Suppose z*m = -0*m. Suppose m = -5*n + 14 + 1. What is the units digit of n?
3
Let o(a) = 28*a + 45. What is the hundreds digit of o(7)?
2
Let j(k) = k**3 + 10*k**2 + 10*k + 9. Let y be j(-9). Let n = 7 + y. What is the units digit of n?
7
What is the units digit of 5/(64/(-22) + 3)?
5
What is the units digit of 5/(-15) + (-16)/(-3)?
5
Suppose 17 = 4*h + 1. Let d be (-2)/h - 45/(-2). Suppose -2*r = -4*r + d. What is the units digit of r?
1
Let a = 163 + -24. What is the tens digit of a?
3
Suppose 5*y = -2*c + 101 + 430, -2*c + 4*y + 522 = 0. What is the tens digit of c?
6
Suppose 6*y - 2*y = 20. Suppose 0*q + y*x - 21 = 2*q, q + 23 = 5*x. Suppose -80 = -q*o - 3*o. What is the tens digit of o?
1
Suppose m - 3*o = 15, -2*m + m + 5*o = -17. Suppose -3*c - 3*z = -m, -2*z = c + z + 6. What is the units digit of c?
9
Let l be (-1 + -1)*(-3)/3. Suppose 2*p - 42 = -5*v, -l*v + 8 = -0*v. Let q = -4 + p. What is the units digit of q?
7
Suppose 3*x + 4 + 5 = z, -3 = x - z. Let i(t) = -4*t - 4. What is the units digit of i(x)?
8
Let c = 52 - 34. What is the units digit of c?
8
Let l(t) = t**3 + 7*t**2 + 5*t - 1. Let q be l(-6). Suppose -5*o + q = -0*o. What is the units digit of o?
1
Let s be (-4)/14 - 184/(-56). Suppose -2 = -s*f + 7. Suppose -p = -3*h - 6, 5*p + f*h = 6*h + 54. What is the tens digit of p?
1
Let r(o) = 2*o**2 + 2*o. Let c be r(-2). Suppose -c*t - a = -9, -9 = -5*t + 2*a - 4*a. What is the units digit of t?
3
Let y = -40 + 95. What is the tens digit of y?
5
Let p(b) = -b**3 - 3*b**2 + 6*b + 3. Let i be p(-4). What is the units digit of 72/10 + 1/i?
7
Let g = -13 - -9. What is the tens digit of 3 + 0 + (-120)/g?
3
Suppose 3*i + 34 = n, -4*n + 73 = -4*i - 71. Suppose -4*d = -0*a + a - n, -4*a + 40 = 4*d. What is the units digit of d?
9
Suppose 89 = 5*y + 4*v, 5*y + v - 71 - 15 = 0. Suppose 0 = -4*c + 3*t + 7 + y, 0 = -t - 4. Let x = c - -1. What is the units digit of x?
4
Let n = -14 + 15. What is the units digit of n?
1
Let q(m) = -m**3 - 7*m**2 - 4*m - 1